19
What is -9d2d59 (base 16) in base 12?
-3549109
2654556 (base 9) to base 2
101100010110100101001
What is 538e (base 16) in base 3?
1002100020
32720 (base 9) to base 14
7cbc
Convert -453786 (base 9) to base 2.
-1000010010111011001
What is 200165 (base 11) in base 9?
541084
16d6c7 (base 15) to base 7
12264613
4238bb3 (base 12) to base 13
2794500
What is 37062068 (base 9) in base 5?
14114004010
-110000011011101101001 (base 2) to base 11
-994412
What is 1201002101120 (base 3) in base 10?
907161
Convert -494251 (base 13) to base 4.
-12223211311
3316805 (base 9) to base 2
110110011010100010010
Convert 2033a29 (base 12) to base 6.
333250453
-1215422 (base 6) to base 11
-44707
Convert 344300421 (base 5) to base 8.
5737611
What is -404267 (base 11) in base 16?
-9ea73
Convert 191b4 (base 12) to base 2.
1000111011011000
-127285 (base 9) to base 7
-441662
Convert 40210356 (base 7) to base 9.
6235366
What is -150136 (base 7) in base 2?
-111000011011000
Convert -671277 (base 8) to base 11.
-14486a
-213011000 (base 4) to base 9
-263508
What is 478677 (base 9) in base 11?
187843
What is -615e6 (base 16) in base 15?
-7d282
What is 15506 (base 12) in base 14?
ad82
What is -27870 (base 12) in base 16?
-d614
What is -1212120200100 (base 3) in base 5?
-223324310
Convert -6d07a (base 16) to base 4.
-1231001322
Convert -2450312 (base 7) to base 4.
-1030310333
Convert -98 (base 15) to base 8.
-217
Convert -2414221300 (base 5) to base 13.
-1218919
Convert -739ef (base 16) to base 6.
-14052303
-101213406 (base 7) to base 10
-5919696
Convert 33252451 (base 6) to base 7.
11343331
Convert 32458c (base 13) to base 3.
2012222200111
10000110110010100100000 (base 2) to base 10
4416800
What is -41015013 (base 6) in base 16?
-11d591
Convert 234227 (base 9) to base 16.
22654
350894 (base 16) to base 9
6476562
Convert -200201012222 (base 3) to base 2.
-1011001111010110010
Convert -3569a7 (base 13) to base 10.
-1271524
Convert -2123441200 (base 5) to base 11.
-2604355
What is 101101001111001110110 (base 2) in base 15?
1e433d
Convert -2b0254 (base 15) to base 12.
-84158a
143681 (base 12) to base 2
1010010100000000001
What is b852b9 (base 13) in base 4?
100133231122
1000100102 (base 3) to base 2
100110111100001
What is 3bd746 (base 14) in base 9?
3808744
What is -6176243 (base 8) in base 13?
-454477
-1423441 (base 6) to base 11
-55a90
What is 3336 (base 13) in base 9?
10716
Convert -12569 (base 11) to base 14.
-67a7
101311431 (base 5) to base 8
1455353
-1664050 (base 7) to base 16
-39340
What is -523432 (base 6) in base 11?
-29850
-2906896 (base 12) to base 5
-4101114330
Convert 3a10614 (base 13) to base 5.
14131113244
Convert -414031 (base 9) to base 10.
-245701
What is 862b (base 15) in base 7?
145526
1002110012021 (base 3) to base 16
8d871
Convert -370801 (base 15) to base 7.
-31251115
33982 (base 12) to base 13
25403
40040236 (base 7) to base 4
30212213131
3644246 (base 7) to base 8
1614001
What is cf4a (base 16) in base 6?
1045402
What is -49bb7 (base 14) in base 5?
-21240202
What is -435006 (base 8) in base 11?
-9a700
253550124 (base 7) to base 13
34476a5
619a28 (base 15) to base 4
101230230302
107228a (base 11) to base 7
21645310
What is 177bb3 (base 13) in base 5?
122313404
What is 3000423242 (base 5) in base 7?
100632055
Convert 110310000 (base 4) to base 6.
1454400
What is -152087 (base 14) in base 5?
-142014021
What is -1011201100212211 (base 3) in base 11?
-9573062
What is -15467 (base 14) in base 11?
-36912
What is -2256381 (base 10) in base 11?
-1301286
Convert -7277149 (base 10) to base 11.
-4120480
What is 213561 (base 12) in base 8?
2000131
23332233212 (base 4) to base 10
3140582
-724056 (base 8) to base 16
-3a82e
Convert 1120143 (base 6) to base 10.
57087
Convert -7c8e5 (base 15) to base 8.
-1407132
Convert -1101011001010011100 (base 2) to base 5.
-103021230
What is -12434212 (base 5) in base 12?
-5bb2b
Convert 180736 (base 14) to base 12.
349ab8
What is 231244 (base 5) in base 15?
26ee
-f24ca (base 16) to base 7
-11302315
-221102122 (base 3) to base 9
-27378
Convert -42706 (base 13) to base 4.
-131100103
What is -120120101002 (base 3) in base 10?
-306452
Convert c087c (base 13) to base 3.
122111010200
What is -23f7a (base 16) in base 3?
-21111002101
-3526086 (base 9) to base 12
-77b806
Convert 11032003 (base 8) to base 4.
21003100003
What is 4582244 (base 9) in base 15?
33d5a7
What is 22a1618 (base 12) in base 16?
65ec34
What is 38992 (base 14) in base 15?
2b32c
What is -10632760 (base 8) in base 16?
-2335f0
Convert -84387 (base 12) to base 11.
-109258
What is 1e2d3 (base 16) in base 2?
11110001011010011
What is -14133 (base 10) in base 12?
-8219
Convert -7d8c (base 16) to base 11.
-22169
Convert -300302423 (base 5) to base 14.
-22a88d
-46649 (base 11) to base 2
-10000011100000001
What is 1ece7 (base 16) in base 12?
61033
What is -177b4a2 (base 12) in base 10?
-4892666
-1887899 (base 10) to base 11
-107a452
What is -31639a2 (base 11) in base 7?
-65222331
Convert 36f10 (base 16) to base 2.
110110111100010000
-110120232 (base 4) to base 10
-83502
What is -100111100001000 (base 2) in base 3?
-1000202100
Convert 1a8bb (base 15) to base 7.
506516
What is 11120002111002 (base 3) in base 16?
24f824
What is 110220220202220 (base 3) in base 6?
403111040
1447771 (base 9) to base 13
21cc5b
20210020011 (base 3) to base 11
913a0
345430 (base 7) to base 5
3440312
Convert 1002120021212 (base 3) to base 11.
36825a
Convert -40313210 (base 6) to base 13.
-311292
What is -322221502 (base 6) in base 4?
-111302023232
What is 2601268 (base 10) in base 14?
4b9dac
-52320055 (base 7) to base 16
-4343d4
187206 (base 9) to base 15
24923
What is 1040c (base 16) in base 6?
1232112
Convert 14a8288 (base 11) to base 3.
11211201201021
What is 2eeb24 (base 15) in base 6?
120450511
Convert bd1bb (base 14) to base 4.
1233331301
6000550 (base 8) to base 12
63a520
What is 3ba00 (base 12) in base 6?
1434400
-20201460 (base 7) to base 4
-12122132001
Convert -1012263 (base 8) to base 3.
-111120212022
What is -5b2b62 (base 16) in base 8?
-26625542
-516ca (base 16) to base 4
-1101123022
What is -60615223 (base 7) in base 13?
-1078bc4
What is -102839 (base 11) in base 8?
-501563
Convert -25300034 (base 6) to base 11.
-5084a5
14554 (base 15) to base 12
31981
What is -13404010 (base 5) in base 7?
-1113230
Convert 27688e (base 16) to base 8.
11664216
Convert 2163426 (base 7) to base 8.
1012754
40738 (base 12) to base 3
11021012222
Convert 165237 (base 10) to base 14.
44309
What is -120441440 (base 5) in base 11?
-354369
10491240 (base 10) to base 15
dc37b0
Convert 22531402 (base 6) to base 16.
a9ffa
What is 82705 (base 13) in base 8?
711126
6056052 (base 7) to base 2
10101111110001111010
-580796 (base 13) to base 15
-2b323e
-312120 (base 4) to base 12
-2020
Convert aae24e (base 15) to base 13.
18c378b
Convert -841505 (base 9) to base 8.
-1720077
125111 (base 8) to base 16
aa49
Convert -111101001100010110 (base 2) to base 5.
-31010041
What is -120123222 (base 4) in base 12?
-49ab6
101011000110011110 (base 2) to base 16
2b19e
441260 (base 11) to base 15
ddaa7
What is -11146677 (base 8) in base 12?
-983993
What is 22221001 (base 6) in base 13?
1a6884
Convert -518952 (base 10) to base 12.
-2103a0
What is 4312314 (base 6) in base 4?
303231112
864836 (base 9) to base 11
322215
Convert 36d75 (base 16) to base 8.
666565
95b96c (base 13) to base 12
1213464
Convert -22143204 (base 6) to base 3.
-1020212202211
-3150504 (base 8) to base 11
-524120
-2de8d9 (base 16) to base 10
-3008729
Convert 42c79 (base 16) to base 8.
1026171
What is -50640654 (base 7) in base 5?
-2040302434
Convert -4043603 (base 7) to base 11.
-2a9861
What is -33403331 (base 5) in base 14?
-79316
What is 3a054a (base 12) in base 16?
e910a
What is -3341001 (base 6) in base 16?
-292f9
Convert 3a40a (base 12) to base 15.
18ad4
What is 1a721 (base 14) in base 6?
1235213
82727 (base 15) to base 4
1210322302
Convert 1003c9 (base 14) to base 11.
338717
Convert -25516 (base 7) to base 10.
-6775
Convert -17f64c (base 16) to base 7.
-16230240
Convert -82ab85 (base 14) to base 15.
-5c1627
-16a3c9 (base 14) to base 6
-25023341
What is 241162 (base 8) in base 11?
57022
222112202101 (base 3) to base 13
153aa5
Convert -32215142 (base 6) to base 2.
-1110100000